21315 and 165.
15
What is the highest common factor of 52 and 409058?
26
Calculate the highest common divisor of 243 and 4740201.
243
Calculate the highest common factor of 6573 and 327.
3
Calculate the highest common divisor of 274620 and 828.
276
Calculate the greatest common factor of 72 and 144.
72
Calculate the highest common divisor of 40795 and 984.
41
Calculate the highest common factor of 361 and 50901.
361
Calculate the highest common factor of 5 and 4885550.
5
Calculate the highest common divisor of 1344630 and 3.
3
Calculate the greatest common factor of 896 and 3878.
14
What is the greatest common factor of 340318 and 2046?
682
Calculate the greatest common factor of 36006 and 2471.
353
What is the highest common factor of 866019 and 44?
11
What is the greatest common divisor of 124 and 101432?
124
What is the greatest common divisor of 11867800 and 1211?
1211
What is the highest common divisor of 333033 and 2511?
93
Calculate the greatest common divisor of 24300 and 1200.
300
What is the highest common factor of 89278 and 911?
911
Calculate the highest common factor of 113835 and 330.
15
What is the greatest common divisor of 3230 and 16910?
190
What is the highest common factor of 24 and 4232?
8
What is the highest common divisor of 22351 and 4326?
721
Calculate the highest common factor of 24628 and 47.
47
What is the highest common factor of 70032 and 816?
48
What is the greatest common factor of 36 and 70164?
36
Calculate the greatest common factor of 622445 and 10.
5
Calculate the greatest common factor of 33 and 2235.
3
What is the greatest common factor of 76 and 85804?
76
Calculate the highest common factor of 343 and 11809.
49
Calculate the highest common factor of 632 and 270654.
158
What is the greatest common divisor of 6 and 485090?
2
What is the highest common divisor of 27475 and 525?
175
What is the highest common factor of 2664 and 549?
9
Calculate the highest common factor of 9712 and 256.
16
What is the greatest common factor of 28613 and 4433?
403
What is the highest common factor of 282 and 22137?
141
What is the greatest common factor of 2945 and 95?
95
Calculate the greatest common factor of 4247076 and 102.
102
What is the highest common divisor of 24 and 171096?
24
What is the highest common factor of 99414 and 36?
18
Calculate the greatest common factor of 134 and 23651.
67
Calculate the greatest common factor of 11152 and 240.
16
What is the highest common divisor of 39940 and 8?
4
What is the greatest common factor of 576 and 21552?
48
What is the greatest common factor of 1954050 and 420?
210
What is the highest common factor of 169 and 201825?
13
What is the greatest common factor of 22638 and 1176?
294
Calculate the highest common divisor of 393250 and 12826.
242
What is the greatest common divisor of 6954 and 1281?
183
What is the greatest common divisor of 84335 and 2525?
505
Calculate the greatest common factor of 22974 and 770.
14
What is the highest common factor of 64536 and 60?
12
What is the highest common factor of 182 and 88582?
26
Calculate the greatest common divisor of 3396 and 2004.
12
Calculate the highest common factor of 2988 and 49032.
36
What is the highest common factor of 125290 and 442?
34
What is the highest common factor of 10849 and 76?
19
Calculate the greatest common divisor of 299 and 218132.
23
What is the highest common factor of 34510 and 170?
170
Calculate the highest common factor of 3127 and 172727.
53
What is the highest common factor of 554 and 122?
2
What is the greatest common factor of 440105 and 920?
115
What is the highest common factor of 728 and 321984?
104
What is the highest common factor of 40 and 979140?
20
Calculate the greatest common factor of 861251 and 19.
19
Calculate the greatest common factor of 34 and 8823.
17
Calculate the greatest common divisor of 19 and 59071.
19
What is the highest common divisor of 7616 and 47719?
119
What is the greatest common divisor of 82923 and 1477?
211
What is the highest common factor of 230 and 166865?
115
Calculate the greatest common factor of 19357 and 104.
13
What is the greatest common divisor of 14263 and 1768?
17
What is the highest common factor of 390 and 2510?
10
Calculate the highest common divisor of 1303368 and 72.
24
What is the highest common factor of 621 and 1139535?
621
What is the highest common factor of 802240 and 40?
40
Calculate the greatest common factor of 45612 and 504.
252
Calculate the greatest common divisor of 1897 and 1169.
7
What is the highest common factor of 131 and 181697?
131
Calculate the highest common factor of 570 and 60.
30
What is the greatest common factor of 4481044 and 424?
212
Calculate the highest common divisor of 18225 and 825.
75
What is the greatest common divisor of 154 and 280049?
77
Calculate the greatest common factor of 7072 and 629.
17
What is the greatest common divisor of 1999284 and 84?
84
Calculate the greatest common divisor of 23454 and 5148.
18
Calculate the highest common divisor of 16580 and 1180.
20
What is the highest common divisor of 72 and 172176?
24
What is the highest common factor of 3733560 and 7560?
1080
Calculate the highest common factor of 55801 and 328.
41
Calculate the highest common factor of 119892 and 15.
3
Calculate the highest common factor of 5298 and 36.
6
What is the highest common factor of 324 and 27372?
12
What is the highest common divisor of 6321 and 145512?
129
Calculate the greatest common factor of 1436346 and 134.
134
What is the highest common factor of 648 and 13632?
24
What is the highest common divisor of 14301 and 2079?
63
Calculate the highest common divisor of 80 and 3664.
16
What is the greatest common factor of 6478294 and 43?
43
Calculate the highest common factor of 105522 and 43.
43
What is the highest common divisor of 13752 and 2412?
36
What is the highest common divisor of 22680 and 560?
280
Calculate the greatest common factor of 95052 and 2670.
534
What is the greatest common divisor of 7377124 and 236?
236
What is the highest common divisor of 15865 and 3841?
167
Calculate the highest common factor of 39894 and 24.
6
What is the greatest common factor of 599 and 136572?
599
What is the greatest common divisor of 115008 and 96?
96
Calculate the greatest common factor of 2 and 542.
2
What is the highest common divisor of 2760 and 14628?
276
Calculate the highest common factor of 34788 and 48.
12
What is the highest common factor of 692 and 100?
4
What is the highest common divisor of 28 and 185213?
7
Calculate the highest common divisor of 1349 and 2147.
19
What is the highest common factor of 4692 and 19686?
102
Calculate the greatest common factor of 238256 and 16.
16
What is the highest common divisor of 4427 and 17233?
19
Calculate the greatest common divisor of 300 and 136980.
60
What is the highest common factor of 92570 and 20?
10
Calculate the highest common factor of 120 and 483160.
40
Calculate the greatest common factor of 136 and 139264.
136
What is the highest common divisor of 41128 and 97?
97
Calculate the highest common divisor of 7310 and 2550.
170
Calculate the greatest common divisor of 1 and 8212.
1
Calculate the highest common factor of 1340 and 5140.
20
Calculate the highest common divisor of 1892 and 27632.
44
What is the highest common factor of 5205 and 555?
15
What is the highest common divisor of 11250 and 90?
90
Calculate the highest common factor of 2436 and 762.
6
Calculate the highest common divisor of 22017 and 22733.
179
Calculate the highest common divisor of 728 and 910182.
182
Calculate the highest common factor of 14 and 189938.
14
What is the highest common divisor of 4309632 and 2752?
2752
What is the greatest common divisor of 2175 and 5133?
87
Calculate the highest common factor of 2275 and 14.
7
Calculate the highest common factor of 99 and 5004351.
99
Calculate the highest common divisor of 738322 and 730.
146
Calculate the greatest common factor of 1925127 and 54.
27
Calculate the highest common factor of 45 and 70731.
9
Calculate the greatest common divisor of 9648 and 36048.
48
What is the highest common divisor of 17676 and 36?
36
Calculate the highest common factor of 12516 and 2604.
84
What is the highest common divisor of 218007 and 234?
9
What i